{"id":29070,"date":"2024-11-06T15:21:54","date_gmt":"2024-11-06T14:21:54","guid":{"rendered":"https:\/\/www.france-copeaux.com\/politiques-de-confidentialites\/"},"modified":"2025-04-08T16:56:06","modified_gmt":"2025-04-08T14:56:06","slug":"datenschutzrichtlinien","status":"publish","type":"page","link":"https:\/\/www.france-copeaux.com\/de\/datenschutzrichtlinien\/","title":{"rendered":"Datenschutzrichtlinien"},"content":{"rendered":"\t\t<div data-elementor-type=\"wp-page\" data-elementor-id=\"29070\" class=\"elementor elementor-29070 elementor-23150\" data-elementor-post-type=\"page\">\n\t\t\t\t<div class=\"elementor-element elementor-element-de6f8d9 e-flex e-con-boxed e-con e-parent\" data-id=\"de6f8d9\" data-element_type=\"container\" data-e-type=\"container\">\n\t\t\t\t\t<div class=\"e-con-inner\">\n\t\t\t\t<div class=\"elementor-element elementor-element-8239ffa elementor-widget elementor-widget-heading\" data-id=\"8239ffa\" data-element_type=\"widget\" data-e-type=\"widget\" data-widget_type=\"heading.default\">\n\t\t\t\t<div class=\"elementor-widget-container\">\n\t\t\t\t\t<h1 class=\"elementor-heading-title elementor-size-default\">Datenschutzrichtlinie<\/h1>\t\t\t\t<\/div>\n\t\t\t\t<\/div>\n\t\t\t\t\t<\/div>\n\t\t\t\t<\/div>\n\t\t<div class=\"elementor-element elementor-element-7782fe6 e-flex e-con-boxed e-con e-parent\" data-id=\"7782fe6\" data-element_type=\"container\" data-e-type=\"container\">\n\t\t\t\t\t<div class=\"e-con-inner\">\n\t\t\t\t<div class=\"elementor-element elementor-element-63b171a elementor-widget elementor-widget-text-editor\" data-id=\"63b171a\" data-element_type=\"widget\" data-e-type=\"widget\" data-widget_type=\"text-editor.default\">\n\t\t\t\t<div class=\"elementor-widget-container\">\n\t\t\t\t\t\t\t\t\t<h2>ARTIKEL 1: PR\u00c4AMBEL<\/h2><p>\u00a0<\/p><p>Diese Datenschutzrichtlinie hat zum Ziel, die Nutzer der Website \u00fcber Folgendes zu informieren:<\/p><ul><li>Wie ihre personenbezogenen Daten erhoben werden. Personenbezogene Daten sind alle Informationen, mit denen ein Nutzer identifiziert werden kann. Dazu geh\u00f6ren: Vor- und Nachname, Alter, Post- oder E-Mail-Adresse, Standort oder IP-Adresse (nicht abschlie\u00dfende Liste);<\/li><li>Welche Rechte ihnen in Bezug auf diese Daten zustehen;<\/li><li>Wer f\u00fcr die Verarbeitung der erhobenen und verarbeiteten personenbezogenen Daten verantwortlich ist;<\/li><li>Wer die Empf\u00e4nger dieser personenbezogenen Daten sind;<\/li><li>Welche Cookie-Richtlinie auf der Website gilt.<\/li><\/ul><p>Diese Richtlinie erg\u00e4nzt das Impressum und die Allgemeinen Nutzungsbedingungen, die unter folgender Adresse eingesehen werden k\u00f6nnen:<\/p><p><blockquote class=\"wp-embedded-content\" data-secret=\"4scm6fBef5\"><a href=\"https:\/\/www.france-copeaux.com\/de\/nutzungsbedingungen\/\">Nutzungsbedingungen<\/a><\/blockquote><iframe class=\"wp-embedded-content\" sandbox=\"allow-scripts\" security=\"restricted\" style=\"position: absolute; visibility: hidden;\" title=\"\u00ab\u00a0Mentions l\u00e9gales\u00a0\u00bb &#8212; France Copeaux\" src=\"https:\/\/www.france-copeaux.com\/mentions-legales\/embed\/#?secret=z0UghJIemJ#?secret=4scm6fBef5\" data-secret=\"4scm6fBef5\" width=\"600\" height=\"338\" frameborder=\"0\" marginwidth=\"0\" marginheight=\"0\" scrolling=\"no\"><\/iframe><\/p><p>\u00a0<\/p><h2>\u00a0<\/h2><h2>ARTIKEL 2: GRUNDS\u00c4TZE DER ERHEBUNG UND VERARBEITUNG PERSONENBEZOGENER DATEN<\/h2><p>\u00a0<\/p><p>Gem\u00e4\u00df Artikel 5 der EU-Verordnung 2016\/679 m\u00fcssen personenbezogene Daten:<\/p><ul><li>Rechtm\u00e4\u00dfig, fair und transparent in Bezug auf die betroffene Person verarbeitet werden;<\/li><li>F\u00fcr festgelegte (siehe Artikel 3.1 dieser Richtlinie), eindeutige und legitime Zwecke erhoben werden und nicht in einer mit diesen Zwecken unvereinbaren Weise weiterverarbeitet werden;<\/li><li>Angemessen, relevant und auf das notwendige Ma\u00df in Bezug auf die Zwecke, f\u00fcr die sie verarbeitet werden, beschr\u00e4nkt sein;<\/li><li>Richtig und, wenn n\u00f6tig, auf dem neuesten Stand sein. Es sind alle angemessenen Ma\u00dfnahmen zu treffen, damit unrichtige personenbezogene Daten im Hinblick auf die Zwecke ihrer Verarbeitung unverz\u00fcglich gel\u00f6scht oder berichtigt werden;<\/li><li>Nur so lange in einer Form gespeichert werden, die die Identifizierung der betroffenen Personen erm\u00f6glicht, wie es f\u00fcr die Zwecke, f\u00fcr die sie verarbeitet werden, erforderlich ist;<\/li><li>In einer Weise verarbeitet werden, die eine angemessene Sicherheit der personenbezogenen Daten gew\u00e4hrleistet, einschlie\u00dflich Schutz vor unbefugter oder unrechtm\u00e4\u00dfiger Verarbeitung sowie vor unbeabsichtigtem Verlust, Zerst\u00f6rung oder Besch\u00e4digung, durch geeignete technische oder organisatorische Ma\u00dfnahmen.<\/li><\/ul><p>Die Verarbeitung ist nur rechtm\u00e4\u00dfig, wenn mindestens eine der folgenden Bedingungen erf\u00fcllt ist:<\/p><ul><li>Die betroffene Person hat ihre Einwilligung zur Verarbeitung ihrer personenbezogenen Daten f\u00fcr einen oder mehrere bestimmte Zwecke gegeben;<\/li><li>Die Verarbeitung ist zur Erf\u00fcllung eines Vertrags, dessen Vertragspartei die betroffene Person ist, oder zur Durchf\u00fchrung vorvertraglicher Ma\u00dfnahmen auf deren Anfrage erforderlich;<\/li><li>Die Verarbeitung ist zur Erf\u00fcllung einer rechtlichen Verpflichtung erforderlich, der der Verantwortliche unterliegt;<\/li><li>Die Verarbeitung ist erforderlich, um lebenswichtige Interessen der betroffenen Person oder einer anderen nat\u00fcrlichen Person zu sch\u00fctzen;<\/li><li>Die Verarbeitung ist f\u00fcr die Wahrnehmung einer Aufgabe erforderlich, die im \u00f6ffentlichen Interesse liegt oder in Aus\u00fcbung \u00f6ffentlicher Gewalt erfolgt, die dem Verantwortlichen \u00fcbertragen wurde;<\/li><li>Die Verarbeitung ist zur Wahrung der berechtigten Interessen des Verantwortlichen oder eines Dritten erforderlich, sofern nicht die Interessen oder Grundrechte und -freiheiten der betroffenen Person \u00fcberwiegen, insbesondere wenn es sich bei der betroffenen Person um ein Kind handelt.<\/li><\/ul><h2>\u00a0<\/h2><h2>\u00a0<\/h2><h2>ARTIKEL 3: ERHOBENE UND VERARBEITETE PERSONENBEZOGENE DATEN BEIM BESUCH DER WEBSITE<\/h2><h3>\u00a0<\/h3><h3>Artikel 3.1: Erhobene Daten<\/h3><p>Die im Rahmen unserer T\u00e4tigkeit erhobenen personenbezogenen Daten sind:<\/p><p><b><i>Vorname, Nachname, E-Mail, IP-Adresse, besuchte Seiten.<\/i><\/b><\/p><p>Die Erhebung und Verarbeitung dieser Daten erfolgt zu folgenden Zwecken:<\/p><p><b><i>Versand von Newslettern, kommerzielle Kontaktaufnahme<\/i><\/b><\/p><h3>\u00a0<\/h3><h3>Artikel 3.2: Art der Datenerhebung<\/h3><p>Bei der Nutzung unserer Website werden automatisch folgende Daten erhoben:<\/p><p><b><i>Besuchte Seiten.<\/i><\/b><\/p><p>Weitere personenbezogene Daten werden erhoben, wenn Sie folgende Aktionen auf der Plattform ausf\u00fchren:<\/p><p><b><i>Vorname, Nachname, Firma, E-Mail-Adresse.<\/i><\/b><\/p><p>Diese Daten werden vom Verantwortlichen unter angemessenen Sicherheitsvorkehrungen f\u00fcr einen Zeitraum von <b><i>2 Jahren<\/i><\/b> gespeichert.<\/p><p>Das Unternehmen kann bestimmte personenbezogene Daten \u00fcber die oben genannten Fristen hinaus aufbewahren, um gesetzlichen oder beh\u00f6rdlichen Verpflichtungen nachzukommen.<\/p><h3>\u00a0<\/h3><h3>\u00a0<\/h3><h3>Artikel 3.3: Datenhosting<\/h3><p>Die Website France-copeaux.com wird gehostet von:<\/p><p><span style=\"text-align: var(--text-align);\">OVH SAS, <\/span><\/p><p><span style=\"text-align: var(--text-align);\">2 rue Kellermann &#8211; <\/span><\/p><p><span style=\"text-align: var(--text-align);\">BP 80157 &#8211; <\/span><\/p><p><span style=\"text-align: var(--text-align);\">59053 Roubaix Cedex 1<\/span><\/p><p><span style=\"text-align: var(--text-align);\">Telefonischer Kontakt: 1007<\/span><\/p><h2>\u00a0<\/h2><h2>\u00a0<\/h2><h2>ARTIKEL 4: VERANTWORTLICHER F\u00dcR DIE DATENVERARBEITUNG UND DATENSCHUTZBEAUFTRAGTER<\/h2><h3>\u00a0<\/h3><h3>Artikel 4.1: Verantwortlicher f\u00fcr die Datenverarbeitung<\/h3><p>Die personenbezogenen Daten werden erhoben von FRANCE COPEAUX, einer SAS mit einem Kapital von 320.000 \u20ac, eingetragen unter der Nummer <span style=\"text-align: var(--text-align);\">B 412 668 394<\/span><span style=\"text-align: var(--text-align);\">. <\/span><\/p><p>Der Verantwortliche f\u00fcr die Verarbeitung kann wie folgt kontaktiert werden:<\/p><p>Per Post an: PARC D ACTIVITE VAL D OUST SUD &#8211; 56140 SAINT-ABRAHAM;<\/p><p>Per Telefon: <span style=\"text-align: var(--text-align);\">+33297748484<\/span><span style=\"text-align: var(--text-align);\">; <\/span><\/p><p>Per E-Mail: contact@francecopeaux.fr.<\/p><h3>\u00a0<\/h3><h3>\u00a0<\/h3><h3>Artikel 4.2: Datenschutzbeauftragter<\/h3><p>Der Datenschutzbeauftragte des Unternehmens oder die zust\u00e4ndige Person ist:<\/p><p><span style=\"text-align: var(--text-align);\">Alexandre Levesque, <\/span><span style=\"text-align: var(--text-align);\">PARC D&#8217;ACTIVITE VAL D OUST SUD &#8211; 56140 SAINT-ABRAHAM &#8211; FRANKREICH <\/span><span style=\"text-align: var(--text-align);\">+33297748484<\/span><\/p><p><span style=\"text-align: var(--text-align);\">Wenn Sie nach Kontaktaufnahme der Meinung sind, dass Ihre Datenschutzrechte nicht gewahrt wurden, k\u00f6nnen Sie sich an die CNIL wenden.<\/span><\/p><h2>\u00a0<\/h2><h2>\u00a0<\/h2><h2>ARTIKEL 5: RECHTE DES NUTZERS IN BEZUG AUF DIE DATENERHEBUNG UND -VERARBEITUNG<\/h2><p>\u00a0<\/p><p>J<span style=\"text-align: var(--text-align);\">eder Nutzer, dessen personenbezogene Daten verarbeitet werden, kann folgende Rechte gem\u00e4\u00df der EU-Verordnung 2016\/679 und dem franz\u00f6sischen Datenschutzgesetz (Gesetz 78-17 vom 6. Januar 1978) geltend machen:<\/span><\/p><ul><li>Recht auf Auskunft, Berichtigung und L\u00f6schung der Daten (Artikel 15, 16 und 17 der DSGVO);<\/li><li>Recht auf Daten\u00fcbertragbarkeit (Artikel 20 der DSGVO);<\/li><li>Recht auf Einschr\u00e4nkung (Artikel 18 der DSGVO) und Widerspruch gegen die Datenverarbeitung (Artikel 21 der DSGVO);<\/li><li>Recht, nicht einer ausschlie\u00dflich auf automatisierter Verarbeitung beruhenden Entscheidung unterworfen zu werden;<\/li><li>Recht, \u00fcber das Schicksal der Daten nach dem Tod zu bestimmen;<\/li><li>Recht, eine Beschwerde bei der zust\u00e4ndigen Aufsichtsbeh\u00f6rde einzureichen (Artikel 77 der DSGVO).<\/li><\/ul><p>Zur Aus\u00fcbung Ihrer Rechte wenden Sie sich bitte schriftlich an France Copeaux oder per E-Mail an <span style=\"text-align: var(--text-align);\">contact@francecopeaux.fr.<\/span><\/p><p>Damit der Verantwortliche Ihrem Antrag nachkommen kann, m\u00fcssen Sie m\u00f6glicherweise Angaben wie Vor- und Nachname, E-Mail-Adresse und Kunden-, Benutzer- oder Abonnementnummer machen.<\/p><p>Weitere Informationen zu Ihren Rechten finden Sie auf der Website cnil.fr.<\/p><h2>\u00a0<\/h2><h2>\u00a0<\/h2><h2>ARTIKEL 6: BEDINGUNGEN F\u00dcR \u00c4NDERUNGEN DER DATENSCHUTZRICHTLINIE<\/h2><p>\u00a0<\/p><p>Der Herausgeber der Website France-copeaux.com beh\u00e4lt sich das Recht vor, diese Richtlinie jederzeit zu \u00e4ndern, um die Einhaltung geltender Gesetze sicherzustellen.<\/p><p>\u00c4nderungen haben keinen Einfluss auf K\u00e4ufe, die vor ihrer Umsetzung get\u00e4tigt wurden; diese unterliegen weiterhin der zum Zeitpunkt des Kaufs g\u00fcltigen und vom Nutzer akzeptierten Richtlinie.<\/p><p>Nutzer werden gebeten, diese Richtlinie bei jeder Nutzung unserer Dienste zu konsultieren, ohne dass eine ausdr\u00fcckliche Benachrichtigung erforderlich ist.<\/p><p>Diese Richtlinie wurde am 06.11.2024 erstellt und zuletzt aktualisiert am <span style=\"text-align: var(--text-align);\">06.11.2024<\/span><span style=\"text-align: var(--text-align);\">.<\/span><\/p>\t\t\t\t\t\t\t\t<\/div>\n\t\t\t\t<\/div>\n\t\t\t\t\t<\/div>\n\t\t\t\t<\/div>\n\t\t\t\t<\/div>\n\t\t","protected":false},"excerpt":{"rendered":"<p>Datenschutzrichtlinien ARTIKEL 1: PR\u00c4AMBEL \u00a0 Diese Datenschutzrichtlinie hat zum Ziel, die Nutzer der Website \u00fcber Folgendes zu informieren: Wie ihre personenbezogenen Daten erhoben werden. Personenbezogene Daten sind alle Informationen, mit denen ein Nutzer identifiziert werden kann. Dazu geh\u00f6ren: Vor- und Nachname, Alter, Post- oder E-Mail-Adresse, Standort oder IP-Adresse (nicht abschlie\u00dfende Liste); Welche Rechte ihnen in [&hellip;]<\/p>\n","protected":false},"author":1,"featured_media":0,"parent":0,"menu_order":0,"comment_status":"closed","ping_status":"closed","template":"elementor_header_footer","meta":{"om_disable_all_campaigns":false,"_monsterinsights_skip_tracking":false,"_monsterinsights_sitenote_active":false,"_monsterinsights_sitenote_note":"","_monsterinsights_sitenote_category":0,"footnotes":""},"class_list":["post-29070","page","type-page","status-publish","hentry"],"aioseo_notices":[],"_links":{"self":[{"href":"https:\/\/www.france-copeaux.com\/de\/wp-json\/wp\/v2\/pages\/29070","targetHints":{"allow":["GET"]}}],"collection":[{"href":"https:\/\/www.france-copeaux.com\/de\/wp-json\/wp\/v2\/pages"}],"about":[{"href":"https:\/\/www.france-copeaux.com\/de\/wp-json\/wp\/v2\/types\/page"}],"author":[{"embeddable":true,"href":"https:\/\/www.france-copeaux.com\/de\/wp-json\/wp\/v2\/users\/1"}],"replies":[{"embeddable":true,"href":"https:\/\/www.france-copeaux.com\/de\/wp-json\/wp\/v2\/comments?post=29070"}],"version-history":[{"count":10,"href":"https:\/\/www.france-copeaux.com\/de\/wp-json\/wp\/v2\/pages\/29070\/revisions"}],"predecessor-version":[{"id":29095,"href":"https:\/\/www.france-copeaux.com\/de\/wp-json\/wp\/v2\/pages\/29070\/revisions\/29095"}],"wp:attachment":[{"href":"https:\/\/www.france-copeaux.com\/de\/wp-json\/wp\/v2\/media?parent=29070"}],"curies":[{"name":"wp","href":"https:\/\/api.w.org\/{rel}","templated":true}]}}

<div data-elementor-type="wp-page" data-elementor-id="29070" class="elementor elementor-29070 elementor-23150" data-elementor-post-type="page">
				<div class="elementor-element elementor-element-de6f8d9 e-flex e-con-boxed e-con e-parent" data-id="de6f8d9" data-element_type="container" data-e-type="container">
					<div class="e-con-inner">
				<div class="elementor-element elementor-element-8239ffa elementor-widget elementor-widget-heading" data-id="8239ffa" data-element_type="widget" data-e-type="widget" data-widget_type="heading.default">
				<div class="elementor-widget-container">
					<h1 class="elementor-heading-title elementor-size-default">Datenschutzrichtlinie</h1>				</div>
				</div>
					</div>
				</div>
		<div class="elementor-element elementor-element-7782fe6 e-flex e-con-boxed e-con e-parent" data-id="7782fe6" data-element_type="container" data-e-type="container">
					<div class="e-con-inner">
				<div class="elementor-element elementor-element-63b171a elementor-widget elementor-widget-text-editor" data-id="63b171a" data-element_type="widget" data-e-type="widget" data-widget_type="text-editor.default">
				<div class="elementor-widget-container">
									<h2>ARTIKEL 1: PRÄAMBEL</h2><p> </p><p>Diese Datenschutzrichtlinie hat zum Ziel, die Nutzer der Website über Folgendes zu informieren:</p><ul><li>Wie ihre personenbezogenen Daten erhoben werden. Personenbezogene Daten sind alle Informationen, mit denen ein Nutzer identifiziert werden kann. Dazu gehören: Vor- und Nachname, Alter, Post- oder E-Mail-Adresse, Standort oder IP-Adresse (nicht abschließende Liste);</li><li>Welche Rechte ihnen in Bezug auf diese Daten zustehen;</li><li>Wer für die Verarbeitung der erhobenen und verarbeiteten personenbezogenen Daten verantwortlich ist;</li><li>Wer die Empfänger dieser personenbezogenen Daten sind;</li><li>Welche Cookie-Richtlinie auf der Website gilt.</li></ul><p>Diese Richtlinie ergänzt das Impressum und die Allgemeinen Nutzungsbedingungen, die unter folgender Adresse eingesehen werden können:</p><p><blockquote class="wp-embedded-content" data-secret="4scm6fBef5"><a href="https://www.france-copeaux.com/de/nutzungsbedingungen/">Nutzungsbedingungen</a></blockquote><iframe class="wp-embedded-content" sandbox="allow-scripts" security="restricted" style="position: absolute; visibility: hidden;" title="« Mentions légales » &#8212; France Copeaux" src="https://www.france-copeaux.com/mentions-legales/embed/#?secret=z0UghJIemJ#?secret=4scm6fBef5" data-secret="4scm6fBef5" width="600" height="338" frameborder="0" marginwidth="0" marginheight="0" scrolling="no"></iframe></p><p> </p><h2> </h2><h2>ARTIKEL 2: GRUNDSÄTZE DER ERHEBUNG UND VERARBEITUNG PERSONENBEZOGENER DATEN</h2><p> </p><p>Gemäß Artikel 5 der EU-Verordnung 2016/679 müssen personenbezogene Daten:</p><ul><li>Rechtmäßig, fair und transparent in Bezug auf die betroffene Person verarbeitet werden;</li><li>Für festgelegte (siehe Artikel 3.1 dieser Richtlinie), eindeutige und legitime Zwecke erhoben werden und nicht in einer mit diesen Zwecken unvereinbaren Weise weiterverarbeitet werden;</li><li>Angemessen, relevant und auf das notwendige Maß in Bezug auf die Zwecke, für die sie verarbeitet werden, beschränkt sein;</li><li>Richtig und, wenn nötig, auf dem neuesten Stand sein. Es sind alle angemessenen Maßnahmen zu treffen, damit unrichtige personenbezogene Daten im Hinblick auf die Zwecke ihrer Verarbeitung unverzüglich gelöscht oder berichtigt werden;</li><li>Nur so lange in einer Form gespeichert werden, die die Identifizierung der betroffenen Personen ermöglicht, wie es für die Zwecke, für die sie verarbeitet werden, erforderlich ist;</li><li>In einer Weise verarbeitet werden, die eine angemessene Sicherheit der personenbezogenen Daten gewährleistet, einschließlich Schutz vor unbefugter oder unrechtmäßiger Verarbeitung sowie vor unbeabsichtigtem Verlust, Zerstörung oder Beschädigung, durch geeignete technische oder organisatorische Maßnahmen.</li></ul><p>Die Verarbeitung ist nur rechtmäßig, wenn mindestens eine der folgenden Bedingungen erfüllt ist:</p><ul><li>Die betroffene Person hat ihre Einwilligung zur Verarbeitung ihrer personenbezogenen Daten für einen oder mehrere bestimmte Zwecke gegeben;</li><li>Die Verarbeitung ist zur Erfüllung eines Vertrags, dessen Vertragspartei die betroffene Person ist, oder zur Durchführung vorvertraglicher Maßnahmen auf deren Anfrage erforderlich;</li><li>Die Verarbeitung ist zur Erfüllung einer rechtlichen Verpflichtung erforderlich, der der Verantwortliche unterliegt;</li><li>Die Verarbeitung ist erforderlich, um lebenswichtige Interessen der betroffenen Person oder einer anderen natürlichen Person zu schützen;</li><li>Die Verarbeitung ist für die Wahrnehmung einer Aufgabe erforderlich, die im öffentlichen Interesse liegt oder in Ausübung öffentlicher Gewalt erfolgt, die dem Verantwortlichen übertragen wurde;</li><li>Die Verarbeitung ist zur Wahrung der berechtigten Interessen des Verantwortlichen oder eines Dritten erforderlich, sofern nicht die Interessen oder Grundrechte und -freiheiten der betroffenen Person überwiegen, insbesondere wenn es sich bei der betroffenen Person um ein Kind handelt.</li></ul><h2> </h2><h2> </h2><h2>ARTIKEL 3: ERHOBENE UND VERARBEITETE PERSONENBEZOGENE DATEN BEIM BESUCH DER WEBSITE</h2><h3> </h3><h3>Artikel 3.1: Erhobene Daten</h3><p>Die im Rahmen unserer Tätigkeit erhobenen personenbezogenen Daten sind:</p><p><b><i>Vorname, Nachname, E-Mail, IP-Adresse, besuchte Seiten.</i></b></p><p>Die Erhebung und Verarbeitung dieser Daten erfolgt zu folgenden Zwecken:</p><p><b><i>Versand von Newslettern, kommerzielle Kontaktaufnahme</i></b></p><h3> </h3><h3>Artikel 3.2: Art der Datenerhebung</h3><p>Bei der Nutzung unserer Website werden automatisch folgende Daten erhoben:</p><p><b><i>Besuchte Seiten.</i></b></p><p>Weitere personenbezogene Daten werden erhoben, wenn Sie folgende Aktionen auf der Plattform ausführen:</p><p><b><i>Vorname, Nachname, Firma, E-Mail-Adresse.</i></b></p><p>Diese Daten werden vom Verantwortlichen unter angemessenen Sicherheitsvorkehrungen für einen Zeitraum von <b><i>2 Jahren</i></b> gespeichert.</p><p>Das Unternehmen kann bestimmte personenbezogene Daten über die oben genannten Fristen hinaus aufbewahren, um gesetzlichen oder behördlichen Verpflichtungen nachzukommen.</p><h3> </h3><h3> </h3><h3>Artikel 3.3: Datenhosting</h3><p>Die Website France-copeaux.com wird gehostet von:</p><p><span style="text-align: var(--text-align);">OVH SAS, </span></p><p><span style="text-align: var(--text-align);">2 rue Kellermann &#8211; </span></p><p><span style="text-align: var(--text-align);">BP 80157 &#8211; </span></p><p><span style="text-align: var(--text-align);">59053 Roubaix Cedex 1</span></p><p><span style="text-align: var(--text-align);">Telefonischer Kontakt: 1007</span></p><h2> </h2><h2> </h2><h2>ARTIKEL 4: VERANTWORTLICHER FÜR DIE DATENVERARBEITUNG UND DATENSCHUTZBEAUFTRAGTER</h2><h3> </h3><h3>Artikel 4.1: Verantwortlicher für die Datenverarbeitung</h3><p>Die personenbezogenen Daten werden erhoben von FRANCE COPEAUX, einer SAS mit einem Kapital von 320.000 €, eingetragen unter der Nummer <span style="text-align: var(--text-align);">B 412 668 394</span><span style="text-align: var(--text-align);">. </span></p><p>Der Verantwortliche für die Verarbeitung kann wie folgt kontaktiert werden:</p><p>Per Post an: PARC D ACTIVITE VAL D OUST SUD &#8211; 56140 SAINT-ABRAHAM;</p><p>Per Telefon: <span style="text-align: var(--text-align);">+33297748484</span><span style="text-align: var(--text-align);">; </span></p><p>Per E-Mail: contact@francecopeaux.fr.</p><h3> </h3><h3> </h3><h3>Artikel 4.2: Datenschutzbeauftragter</h3><p>Der Datenschutzbeauftragte des Unternehmens oder die zuständige Person ist:</p><p><span style="text-align: var(--text-align);">Alexandre Levesque, </span><span style="text-align: var(--text-align);">PARC D&#8217;ACTIVITE VAL D OUST SUD &#8211; 56140 SAINT-ABRAHAM &#8211; FRANKREICH </span><span style="text-align: var(--text-align);">+33297748484</span></p><p><span style="text-align: var(--text-align);">Wenn Sie nach Kontaktaufnahme der Meinung sind, dass Ihre Datenschutzrechte nicht gewahrt wurden, können Sie sich an die CNIL wenden.</span></p><h2> </h2><h2> </h2><h2>ARTIKEL 5: RECHTE DES NUTZERS IN BEZUG AUF DIE DATENERHEBUNG UND -VERARBEITUNG</h2><p> </p><p>J<span style="text-align: var(--text-align);">eder Nutzer, dessen personenbezogene Daten verarbeitet werden, kann folgende Rechte gemäß der EU-Verordnung 2016/679 und dem französischen Datenschutzgesetz (Gesetz 78-17 vom 6. Januar 1978) geltend machen:</span></p><ul><li>Recht auf Auskunft, Berichtigung und Löschung der Daten (Artikel 15, 16 und 17 der DSGVO);</li><li>Recht auf Datenübertragbarkeit (Artikel 20 der DSGVO);</li><li>Recht auf Einschränkung (Artikel 18 der DSGVO) und Widerspruch gegen die Datenverarbeitung (Artikel 21 der DSGVO);</li><li>Recht, nicht einer ausschließlich auf automatisierter Verarbeitung beruhenden Entscheidung unterworfen zu werden;</li><li>Recht, über das Schicksal der Daten nach dem Tod zu bestimmen;</li><li>Recht, eine Beschwerde bei der zuständigen Aufsichtsbehörde einzureichen (Artikel 77 der DSGVO).</li></ul><p>Zur Ausübung Ihrer Rechte wenden Sie sich bitte schriftlich an France Copeaux oder per E-Mail an <span style="text-align: var(--text-align);">contact@francecopeaux.fr.</span></p><p>Damit der Verantwortliche Ihrem Antrag nachkommen kann, müssen Sie möglicherweise Angaben wie Vor- und Nachname, E-Mail-Adresse und Kunden-, Benutzer- oder Abonnementnummer machen.</p><p>Weitere Informationen zu Ihren Rechten finden Sie auf der Website cnil.fr.</p><h2> </h2><h2> </h2><h2>ARTIKEL 6: BEDINGUNGEN FÜR ÄNDERUNGEN DER DATENSCHUTZRICHTLINIE</h2><p> </p><p>Der Herausgeber der Website France-copeaux.com behält sich das Recht vor, diese Richtlinie jederzeit zu ändern, um die Einhaltung geltender Gesetze sicherzustellen.</p><p>Änderungen haben keinen Einfluss auf Käufe, die vor ihrer Umsetzung getätigt wurden; diese unterliegen weiterhin der zum Zeitpunkt des Kaufs gültigen und vom Nutzer akzeptierten Richtlinie.</p><p>Nutzer werden gebeten, diese Richtlinie bei jeder Nutzung unserer Dienste zu konsultieren, ohne dass eine ausdrückliche Benachrichtigung erforderlich ist.</p><p>Diese Richtlinie wurde am 06.11.2024 erstellt und zuletzt aktualisiert am <span style="text-align: var(--text-align);">06.11.2024</span><span style="text-align: var(--text-align);">.</span></p>								</div>
				</div>
					</div>
				</div>
				</div>

<p>Datenschutzrichtlinien ARTIKEL 1: PRÄAMBEL   Diese Datenschutzrichtlinie hat zum Ziel, die Nutzer der Website über Folgendes zu informieren: Wie ihre personenbezogenen Daten erhoben werden. Personenbezogene Daten sind alle Informationen, mit denen ein Nutzer identifiziert werden kann. Dazu gehören: Vor- und Nachname, Alter, Post- oder E-Mail-Adresse, Standort oder IP-Adresse (nicht abschließende Liste); Welche Rechte ihnen in [&hellip;]</p>
