{"id":29050,"date":"2024-11-06T15:21:54","date_gmt":"2024-11-06T14:21:54","guid":{"rendered":"https:\/\/www.france-copeaux.com\/politiques-de-confidentialites\/"},"modified":"2025-04-29T18:56:21","modified_gmt":"2025-04-29T16:56:21","slug":"politiques-de-confidentialites","status":"publish","type":"page","link":"https:\/\/www.france-copeaux.com\/nl\/politiques-de-confidentialites\/","title":{"rendered":"Privacybeleid"},"content":{"rendered":"\t\t<div data-elementor-type=\"wp-page\" data-elementor-id=\"29050\" class=\"elementor elementor-29050 elementor-23150\" data-elementor-post-type=\"page\">\n\t\t\t\t<div class=\"elementor-element elementor-element-de6f8d9 e-flex e-con-boxed e-con e-parent\" data-id=\"de6f8d9\" data-element_type=\"container\" data-e-type=\"container\">\n\t\t\t\t\t<div class=\"e-con-inner\">\n\t\t\t\t<div class=\"elementor-element elementor-element-8239ffa elementor-widget elementor-widget-heading\" data-id=\"8239ffa\" data-element_type=\"widget\" data-e-type=\"widget\" data-widget_type=\"heading.default\">\n\t\t\t\t<div class=\"elementor-widget-container\">\n\t\t\t\t\t<h1 class=\"elementor-heading-title elementor-size-default\">Privacybeleid<\/h1>\t\t\t\t<\/div>\n\t\t\t\t<\/div>\n\t\t\t\t\t<\/div>\n\t\t\t\t<\/div>\n\t\t<div class=\"elementor-element elementor-element-7782fe6 e-flex e-con-boxed e-con e-parent\" data-id=\"7782fe6\" data-element_type=\"container\" data-e-type=\"container\">\n\t\t\t\t\t<div class=\"e-con-inner\">\n\t\t\t\t<div class=\"elementor-element elementor-element-63b171a elementor-widget elementor-widget-text-editor\" data-id=\"63b171a\" data-element_type=\"widget\" data-e-type=\"widget\" data-widget_type=\"text-editor.default\">\n\t\t\t\t<div class=\"elementor-widget-container\">\n\t\t\t\t\t\t\t\t\t<h2>ARTIKEL 1: PREAMBULE<\/h2><p> <\/p><p> <\/p><p>Dit privacybeleid heeft tot doel gebruikers van de site te informeren over:<\/p><ul><li>De wijze waarop hun persoonsgegevens worden verzameld. Persoonsgegevens worden beschouwd als alle informatie waarmee een gebruiker kan worden ge\u00efdentificeerd. Dit kan onder meer zijn: naam en voornaam, leeftijd, post- of e-mailadres, locatie of IP-adres (niet-uitputtende lijst);<\/li><li>De rechten die zij met betrekking tot deze gegevens hebben;<\/li><li>De verantwoordelijke voor de verwerking van de verzamelde en verwerkte persoonsgegevens;<\/li><li>De ontvangers van deze persoonsgegevens;<\/li><li>Het beleid van de site met betrekking tot cookies.<\/li><\/ul><p> <\/p><p>Dit beleid vormt een aanvulling op de wettelijke vermeldingen en de Algemene Gebruiksvoorwaarden die door gebruikers kunnen worden geraadpleegd op het volgende adres:<\/p><p><blockquote class=\"wp-embedded-content\" data-secret=\"0KPt4jsZuS\"><a href=\"https:\/\/www.france-copeaux.com\/nl\/gebruiksvoorwaarden\/\">Gebruiksvoorwaarden<\/a><\/blockquote><iframe class=\"wp-embedded-content\" sandbox=\"allow-scripts\" security=\"restricted\" style=\"position: absolute; visibility: hidden;\" title=\"\u00ab\u00a0Mentions l\u00e9gales\u00a0\u00bb &#8212; France Copeaux\" src=\"https:\/\/www.france-copeaux.com\/mentions-legales\/embed\/#?secret=HHPLSCLX3n#?secret=0KPt4jsZuS\" data-secret=\"0KPt4jsZuS\" width=\"600\" height=\"338\" frameborder=\"0\" marginwidth=\"0\" marginheight=\"0\" scrolling=\"no\"><\/iframe><\/p><p> <\/p><h2> <\/h2><h2>ARTIKEL 2: BEGINSELEN MET BETREKKING TOT DE VERZAMELING EN VERWERKING VAN PERSOONSGEGEVENS<\/h2><p> <\/p><p> <\/p><p>Overeenkomstig artikel 5 van de Europese verordening 2016\/679, zijn persoonsgegevens:<\/p><ul><li>Op rechtmatige, eerlijke en transparante wijze ten aanzien van de betrokkene verwerkt;<\/li><li>Verzameld voor welbepaalde (zie artikel 3.1 hiervan), uitdrukkelijke en legitieme doeleinden, en niet verder verwerkt op een manier die onverenigbaar is met die doeleinden;<\/li><li>Toereikend, relevant en beperkt tot wat noodzakelijk is voor de doeleinden waarvoor ze worden verwerkt;<\/li><li>Nauwkeurig en, indien nodig, geactualiseerd. Alle redelijke maatregelen moeten worden genomen om persoonsgegevens die, met het oog op de doeleinden waarvoor zij worden verwerkt, onjuist zijn, onverwijld te wissen of te rectificeren;<\/li><li>Vastgehouden in een vorm die identificatie van betrokkenen mogelijk maakt zolang dat noodzakelijk is voor de doeleinden waarvoor ze worden verwerkt;<\/li><li>Verwerkt op een zodanige manier dat een passende beveiliging van de verzamelde gegevens is gewaarborgd, waaronder bescherming tegen ongeoorloofde of onwettige verwerking en tegen onopzettelijk verlies, vernietiging of beschadiging, met behulp van passende technische of organisatorische maatregelen.<\/li><\/ul><p> <\/p><p>De verwerking is slechts rechtmatig indien, en voor zover, aan ten minste een van de volgende voorwaarden is voldaan:<\/p><ul><li>De betrokkene heeft toestemming gegeven voor de verwerking van zijn of haar persoonsgegevens voor een of meer specifieke doeleinden;<\/li><li>De verwerking is noodzakelijk voor de uitvoering van een overeenkomst waarbij de betrokkene partij is of om op verzoek van de betrokkene v\u00f3\u00f3r het sluiten van een overeenkomst maatregelen te nemen;<\/li><li>De verwerking is noodzakelijk om te voldoen aan een wettelijke verplichting waaraan de verantwoordelijke is onderworpen;<\/li><li>De verwerking is noodzakelijk ter bescherming van de vitale belangen van de betrokkene of van een andere natuurlijke persoon;<\/li><li>De verwerking is noodzakelijk voor de vervulling van een taak van algemeen belang of van een taak in het kader van de uitoefening van het openbaar gezag dat aan de verantwoordelijke is opgedragen;<\/li><li>De verwerking is noodzakelijk voor de behartiging van de gerechtvaardigde belangen van de verwerkingsverantwoordelijke of een derde, behalve wanneer de belangen of de fundamentele rechten en vrijheden van de betrokkene zwaarder wegen, vooral wanneer de betrokkene een kind is.<\/li><\/ul><h2> <\/h2><h2>ARTIKEL 3: PERSOONSGEGEVENS DIE WORDEN VERZAMELD EN VERWERKT TIJDENS HET GEBRUIK VAN DE SITE<\/h2><p> <\/p><h3>Artikel 3.1: Verzamelde gegevens<\/h3><p> <\/p><p> <\/p><p>De persoonsgegevens die in het kader van onze activiteiten worden verzameld, zijn als volgt:<\/p><p><b><i>Naam, voornaam, e-mail, IP-adres, bezochte pagina&#8217;s.<\/i><\/b><\/p><p>Het verzamelen en verwerken van deze gegevens dient de volgende doeleinden:<\/p><p><b><i>Verzending van nieuwsbrief, commerci\u00eble contactopname<\/i><\/b><\/p><p> <\/p><h3>Artikel 3.2: Wijze van gegevensverzameling<\/h3><p> <\/p><p> <\/p><p>Wanneer u onze site gebruikt, worden automatisch de volgende gegevens verzameld:<\/p><p><b><i>Bezochte pagina\u2019s.<\/i><\/b><\/p><p>Andere persoonsgegevens worden verzameld wanneer u de volgende handelingen op het platform verricht:<\/p><p><b><i>Naam, voornaam, bedrijf, e-mail.<\/i><\/b><\/p><p> <\/p><p>Deze worden door de verwerkingsverantwoordelijke opgeslagen onder redelijke beveiligingsvoorwaarden gedurende een periode van: <b><i>2 jaar<\/i><\/b><\/p><p>Het bedrijf kan bepaalde persoonsgegevens langer bewaren om te voldoen aan wettelijke of reglementaire verplichtingen.<\/p><p> <\/p><h3> <\/h3><h3>Artikel 3.3: Hosting van de gegevens<\/h3><p> <\/p><p> <\/p><p>De website France-copeaux.com wordt gehost door:<\/p><p><span style=\"text-align: var(--text-align);\">OVH SAS, <\/span><\/p><p><span style=\"text-align: var(--text-align);\">gevestigd aan 2 rue Kellermann &#8211; <\/span><\/p><p><span style=\"text-align: var(--text-align);\">BP 80157 &#8211; <\/span><\/p><p><span style=\"text-align: var(--text-align);\">59053 Roubaix Cedex 1<\/span><em> <\/em><\/p><p><span style=\"text-align: var(--text-align);\">Telefonisch contact of per e-mail: 1007<\/span><\/p><p> <\/p><p> <\/p><h2> <\/h2><h2>ARTIKEL 4: VERANTWOORDELIJKE VOOR DE GEGEVENSVERWERKING EN FUNCTIONARIS VOOR GEGEVENSBESCHERMING<\/h2><p> <\/p><h3>Artikel 4.1: De verantwoordelijke voor de gegevensverwerking<\/h3><p> <\/p><p> <\/p><p>Persoonsgegevens worden verzameld door FRANCE COPEAUX, SAS met een kapitaal van 320.000 \u20ac, met het registratienummer <span style=\"text-align: var(--text-align);\">B 412 668 394<\/span><span style=\"text-align: var(--text-align);\">. <\/span><\/p><p>De verantwoordelijke voor de verwerking van persoonsgegevens kan als volgt worden gecontacteerd:<\/p><p>Per post op het adres: PARC D ACTIVITE VAL D OUST SUD \u2013 56140 SAINT-ABRAHAM ;<\/p><p>Telefonisch op <span style=\"text-align: var(--text-align);\">+33297748484<\/span><span style=\"text-align: var(--text-align);\"> ; <\/span><\/p><p>Per e-mail: contact@francecopeaux.fr.<\/p><p> <\/p><h3> <\/h3><h3>Artikel 4.2: De functionaris voor gegevensbescherming<\/h3><p> <\/p><p> <\/p><p>De functionaris voor gegevensbescherming van het bedrijf of de verantwoordelijke is:<\/p><p><span style=\"text-align: var(--text-align);\">Alexandre Levesque, <\/span><span style=\"text-align: var(--text-align);\">PARC D ACTIVITE VAL D OUST SUD \u2013 56140 SAINT-ABRAHAM \u2013 <\/span><span style=\"text-align: var(--text-align);\">+33297748484<\/span><\/p><p><span style=\"text-align: var(--text-align);\">Indien u, na contact met ons te hebben opgenomen, van mening bent dat uw rechten \u201cInformatica en Vrijheden\u201d niet worden gerespecteerd, kunt u contact opnemen met de CNIL.<\/span><\/p><p> <\/p><h2> <\/h2><h2>ARTIKEL 5: RECHTEN VAN DE GEBRUIKER MET BETREKKING TOT DE VERZAMELING EN VERWERKING VAN GEGEVENS<\/h2><p> <\/p><p> <\/p><p>Elke gebruiker die betrokken is bij de verwerking van zijn persoonsgegevens kan de volgende rechten uitoefenen, overeenkomstig Verordening (EU) 2016\/679 en de Franse wet op gegevensbescherming (Loi 78-17 van 6 januari 1978):<\/p><ul><ul><li>Recht op inzage, rectificatie en het recht op gegevenswissing (zoals respectievelijk bepaald in de artikelen 15, 16 en 17 van de AVG);<\/li><li>Recht op overdraagbaarheid van gegevens (artikel 20 van de AVG);<\/li><li>Recht op beperking (artikel 18 van de AVG) en recht van bezwaar tegen de verwerking van gegevens (artikel 21 van de AVG);<\/li><li>Recht om niet te worden onderworpen aan een uitsluitend op geautomatiseerde verwerking gebaseerde beslissing;<\/li><li>Recht om te bepalen wat er na het overlijden met de gegevens gebeurt;<\/li><li>Recht om een klacht in te dienen bij de bevoegde toezichthoudende autoriteit (artikel 77 van de AVG).<\/li><\/ul><p> <\/p><p>Om uw rechten uit te oefenen, kunt u een brief sturen naar France Copeaux of per e-mail naar <span style=\"text-align: var(--text-align);\">contact@francecopeaux.fr<\/span><\/p><p>Om de verantwoordelijke voor de gegevensverwerking in staat te stellen aan uw verzoek te voldoen, kan de gebruiker worden gevraagd bepaalde informatie te verstrekken, zoals: zijn\/haar naam en voornaam, e-mailadres, evenals zijn\/haar rekeningnummer, persoonlijk account of abonneenummer.<\/p>\r\n<p>Raadpleeg de site cnil.fr voor meer informatie over uw rechten.<\/p><p> <\/p><h2> <\/h2><h2>ARTIKEL 6: VOORWAARDEN VOOR WIJZIGING VAN HET PRIVACYBELEID<\/h2><p> <\/p><p> <\/p><p>De uitgever van de site France-copeaux.com behoudt zich het recht voor om dit Beleid op elk moment te wijzigen om zo zijn conformiteit met het geldende recht voor de gebruikers van de site te waarborgen.<\/p><p>Mogelijke wijzigingen hebben geen invloed op aankopen die eerder op de site zijn gedaan, welke onderworpen blijven aan het op dat moment geldende Beleid zoals aanvaard door de gebruiker op het moment van de aankoop.<\/p>\r\n<p>De gebruiker wordt uitgenodigd om dit Beleid elke keer dat hij\/zij van onze diensten gebruikmaakt te raadplegen, zonder dat hiervoor een formele kennisgeving vereist is.<\/p><p>Dit beleid, opgesteld op 06\/11\/2024, is voor het laatst bijgewerkt op <span style=\"text-align: var(--text-align);\">06\/11\/2024<\/span><span style=\"text-align: var(--text-align);\">.<\/span><\/p>\t\t\t\t\t\t\t\t<\/div>\n\t\t\t\t<\/div>\n\t\t\t\t\t<\/div>\n\t\t\t\t<\/div>\n\t\t\t\t<\/div>\n\t\t","protected":false},"excerpt":{"rendered":"<p>Politique de confidentialit\u00e9 ARTICLE 1 : PR\u00c9AMBULE La pr\u00e9sente politique de confidentialit\u00e9 a pour but d\u2019informer les utilisateurs du site : Sur la mani\u00e8re dont sont collect\u00e9es leurs donn\u00e9es personnelles. Sont consid\u00e9r\u00e9es comme des donn\u00e9es personnelles, toute information permettant d\u2019identifier un utilisateur. A ce titre, il peut s\u2019agir : de ses noms et pr\u00e9noms, de [&hellip;]<\/p>\n","protected":false},"author":1,"featured_media":0,"parent":0,"menu_order":0,"comment_status":"closed","ping_status":"closed","template":"elementor_header_footer","meta":{"om_disable_all_campaigns":false,"_monsterinsights_skip_tracking":false,"_monsterinsights_sitenote_active":false,"_monsterinsights_sitenote_note":"","_monsterinsights_sitenote_category":0,"footnotes":""},"class_list":["post-29050","page","type-page","status-publish","hentry"],"aioseo_notices":[],"_links":{"self":[{"href":"https:\/\/www.france-copeaux.com\/nl\/wp-json\/wp\/v2\/pages\/29050","targetHints":{"allow":["GET"]}}],"collection":[{"href":"https:\/\/www.france-copeaux.com\/nl\/wp-json\/wp\/v2\/pages"}],"about":[{"href":"https:\/\/www.france-copeaux.com\/nl\/wp-json\/wp\/v2\/types\/page"}],"author":[{"embeddable":true,"href":"https:\/\/www.france-copeaux.com\/nl\/wp-json\/wp\/v2\/users\/1"}],"replies":[{"embeddable":true,"href":"https:\/\/www.france-copeaux.com\/nl\/wp-json\/wp\/v2\/comments?post=29050"}],"version-history":[{"count":5,"href":"https:\/\/www.france-copeaux.com\/nl\/wp-json\/wp\/v2\/pages\/29050\/revisions"}],"predecessor-version":[{"id":29167,"href":"https:\/\/www.france-copeaux.com\/nl\/wp-json\/wp\/v2\/pages\/29050\/revisions\/29167"}],"wp:attachment":[{"href":"https:\/\/www.france-copeaux.com\/nl\/wp-json\/wp\/v2\/media?parent=29050"}],"curies":[{"name":"wp","href":"https:\/\/api.w.org\/{rel}","templated":true}]}}

<div data-elementor-type="wp-page" data-elementor-id="29050" class="elementor elementor-29050 elementor-23150" data-elementor-post-type="page">
				<div class="elementor-element elementor-element-de6f8d9 e-flex e-con-boxed e-con e-parent" data-id="de6f8d9" data-element_type="container" data-e-type="container">
					<div class="e-con-inner">
				<div class="elementor-element elementor-element-8239ffa elementor-widget elementor-widget-heading" data-id="8239ffa" data-element_type="widget" data-e-type="widget" data-widget_type="heading.default">
				<div class="elementor-widget-container">
					<h1 class="elementor-heading-title elementor-size-default">Privacybeleid</h1>				</div>
				</div>
					</div>
				</div>
		<div class="elementor-element elementor-element-7782fe6 e-flex e-con-boxed e-con e-parent" data-id="7782fe6" data-element_type="container" data-e-type="container">
					<div class="e-con-inner">
				<div class="elementor-element elementor-element-63b171a elementor-widget elementor-widget-text-editor" data-id="63b171a" data-element_type="widget" data-e-type="widget" data-widget_type="text-editor.default">
				<div class="elementor-widget-container">
									<h2>ARTIKEL 1: PREAMBULE</h2><p> </p><p> </p><p>Dit privacybeleid heeft tot doel gebruikers van de site te informeren over:</p><ul><li>De wijze waarop hun persoonsgegevens worden verzameld. Persoonsgegevens worden beschouwd als alle informatie waarmee een gebruiker kan worden geïdentificeerd. Dit kan onder meer zijn: naam en voornaam, leeftijd, post- of e-mailadres, locatie of IP-adres (niet-uitputtende lijst);</li><li>De rechten die zij met betrekking tot deze gegevens hebben;</li><li>De verantwoordelijke voor de verwerking van de verzamelde en verwerkte persoonsgegevens;</li><li>De ontvangers van deze persoonsgegevens;</li><li>Het beleid van de site met betrekking tot cookies.</li></ul><p> </p><p>Dit beleid vormt een aanvulling op de wettelijke vermeldingen en de Algemene Gebruiksvoorwaarden die door gebruikers kunnen worden geraadpleegd op het volgende adres:</p><p><blockquote class="wp-embedded-content" data-secret="0KPt4jsZuS"><a href="https://www.france-copeaux.com/nl/gebruiksvoorwaarden/">Gebruiksvoorwaarden</a></blockquote><iframe class="wp-embedded-content" sandbox="allow-scripts" security="restricted" style="position: absolute; visibility: hidden;" title="« Mentions légales » &#8212; France Copeaux" src="https://www.france-copeaux.com/mentions-legales/embed/#?secret=HHPLSCLX3n#?secret=0KPt4jsZuS" data-secret="0KPt4jsZuS" width="600" height="338" frameborder="0" marginwidth="0" marginheight="0" scrolling="no"></iframe></p><p> </p><h2> </h2><h2>ARTIKEL 2: BEGINSELEN MET BETREKKING TOT DE VERZAMELING EN VERWERKING VAN PERSOONSGEGEVENS</h2><p> </p><p> </p><p>Overeenkomstig artikel 5 van de Europese verordening 2016/679, zijn persoonsgegevens:</p><ul><li>Op rechtmatige, eerlijke en transparante wijze ten aanzien van de betrokkene verwerkt;</li><li>Verzameld voor welbepaalde (zie artikel 3.1 hiervan), uitdrukkelijke en legitieme doeleinden, en niet verder verwerkt op een manier die onverenigbaar is met die doeleinden;</li><li>Toereikend, relevant en beperkt tot wat noodzakelijk is voor de doeleinden waarvoor ze worden verwerkt;</li><li>Nauwkeurig en, indien nodig, geactualiseerd. Alle redelijke maatregelen moeten worden genomen om persoonsgegevens die, met het oog op de doeleinden waarvoor zij worden verwerkt, onjuist zijn, onverwijld te wissen of te rectificeren;</li><li>Vastgehouden in een vorm die identificatie van betrokkenen mogelijk maakt zolang dat noodzakelijk is voor de doeleinden waarvoor ze worden verwerkt;</li><li>Verwerkt op een zodanige manier dat een passende beveiliging van de verzamelde gegevens is gewaarborgd, waaronder bescherming tegen ongeoorloofde of onwettige verwerking en tegen onopzettelijk verlies, vernietiging of beschadiging, met behulp van passende technische of organisatorische maatregelen.</li></ul><p> </p><p>De verwerking is slechts rechtmatig indien, en voor zover, aan ten minste een van de volgende voorwaarden is voldaan:</p><ul><li>De betrokkene heeft toestemming gegeven voor de verwerking van zijn of haar persoonsgegevens voor een of meer specifieke doeleinden;</li><li>De verwerking is noodzakelijk voor de uitvoering van een overeenkomst waarbij de betrokkene partij is of om op verzoek van de betrokkene vóór het sluiten van een overeenkomst maatregelen te nemen;</li><li>De verwerking is noodzakelijk om te voldoen aan een wettelijke verplichting waaraan de verantwoordelijke is onderworpen;</li><li>De verwerking is noodzakelijk ter bescherming van de vitale belangen van de betrokkene of van een andere natuurlijke persoon;</li><li>De verwerking is noodzakelijk voor de vervulling van een taak van algemeen belang of van een taak in het kader van de uitoefening van het openbaar gezag dat aan de verantwoordelijke is opgedragen;</li><li>De verwerking is noodzakelijk voor de behartiging van de gerechtvaardigde belangen van de verwerkingsverantwoordelijke of een derde, behalve wanneer de belangen of de fundamentele rechten en vrijheden van de betrokkene zwaarder wegen, vooral wanneer de betrokkene een kind is.</li></ul><h2> </h2><h2>ARTIKEL 3: PERSOONSGEGEVENS DIE WORDEN VERZAMELD EN VERWERKT TIJDENS HET GEBRUIK VAN DE SITE</h2><p> </p><h3>Artikel 3.1: Verzamelde gegevens</h3><p> </p><p> </p><p>De persoonsgegevens die in het kader van onze activiteiten worden verzameld, zijn als volgt:</p><p><b><i>Naam, voornaam, e-mail, IP-adres, bezochte pagina&#8217;s.</i></b></p><p>Het verzamelen en verwerken van deze gegevens dient de volgende doeleinden:</p><p><b><i>Verzending van nieuwsbrief, commerciële contactopname</i></b></p><p> </p><h3>Artikel 3.2: Wijze van gegevensverzameling</h3><p> </p><p> </p><p>Wanneer u onze site gebruikt, worden automatisch de volgende gegevens verzameld:</p><p><b><i>Bezochte pagina’s.</i></b></p><p>Andere persoonsgegevens worden verzameld wanneer u de volgende handelingen op het platform verricht:</p><p><b><i>Naam, voornaam, bedrijf, e-mail.</i></b></p><p> </p><p>Deze worden door de verwerkingsverantwoordelijke opgeslagen onder redelijke beveiligingsvoorwaarden gedurende een periode van: <b><i>2 jaar</i></b></p><p>Het bedrijf kan bepaalde persoonsgegevens langer bewaren om te voldoen aan wettelijke of reglementaire verplichtingen.</p><p> </p><h3> </h3><h3>Artikel 3.3: Hosting van de gegevens</h3><p> </p><p> </p><p>De website France-copeaux.com wordt gehost door:</p><p><span style="text-align: var(--text-align);">OVH SAS, </span></p><p><span style="text-align: var(--text-align);">gevestigd aan 2 rue Kellermann &#8211; </span></p><p><span style="text-align: var(--text-align);">BP 80157 &#8211; </span></p><p><span style="text-align: var(--text-align);">59053 Roubaix Cedex 1</span><em> </em></p><p><span style="text-align: var(--text-align);">Telefonisch contact of per e-mail: 1007</span></p><p> </p><p> </p><h2> </h2><h2>ARTIKEL 4: VERANTWOORDELIJKE VOOR DE GEGEVENSVERWERKING EN FUNCTIONARIS VOOR GEGEVENSBESCHERMING</h2><p> </p><h3>Artikel 4.1: De verantwoordelijke voor de gegevensverwerking</h3><p> </p><p> </p><p>Persoonsgegevens worden verzameld door FRANCE COPEAUX, SAS met een kapitaal van 320.000 €, met het registratienummer <span style="text-align: var(--text-align);">B 412 668 394</span><span style="text-align: var(--text-align);">. </span></p><p>De verantwoordelijke voor de verwerking van persoonsgegevens kan als volgt worden gecontacteerd:</p><p>Per post op het adres: PARC D ACTIVITE VAL D OUST SUD – 56140 SAINT-ABRAHAM ;</p><p>Telefonisch op <span style="text-align: var(--text-align);">+33297748484</span><span style="text-align: var(--text-align);"> ; </span></p><p>Per e-mail: contact@francecopeaux.fr.</p><p> </p><h3> </h3><h3>Artikel 4.2: De functionaris voor gegevensbescherming</h3><p> </p><p> </p><p>De functionaris voor gegevensbescherming van het bedrijf of de verantwoordelijke is:</p><p><span style="text-align: var(--text-align);">Alexandre Levesque, </span><span style="text-align: var(--text-align);">PARC D ACTIVITE VAL D OUST SUD – 56140 SAINT-ABRAHAM – </span><span style="text-align: var(--text-align);">+33297748484</span></p><p><span style="text-align: var(--text-align);">Indien u, na contact met ons te hebben opgenomen, van mening bent dat uw rechten “Informatica en Vrijheden” niet worden gerespecteerd, kunt u contact opnemen met de CNIL.</span></p><p> </p><h2> </h2><h2>ARTIKEL 5: RECHTEN VAN DE GEBRUIKER MET BETREKKING TOT DE VERZAMELING EN VERWERKING VAN GEGEVENS</h2><p> </p><p> </p><p>Elke gebruiker die betrokken is bij de verwerking van zijn persoonsgegevens kan de volgende rechten uitoefenen, overeenkomstig Verordening (EU) 2016/679 en de Franse wet op gegevensbescherming (Loi 78-17 van 6 januari 1978):</p><ul><ul><li>Recht op inzage, rectificatie en het recht op gegevenswissing (zoals respectievelijk bepaald in de artikelen 15, 16 en 17 van de AVG);</li><li>Recht op overdraagbaarheid van gegevens (artikel 20 van de AVG);</li><li>Recht op beperking (artikel 18 van de AVG) en recht van bezwaar tegen de verwerking van gegevens (artikel 21 van de AVG);</li><li>Recht om niet te worden onderworpen aan een uitsluitend op geautomatiseerde verwerking gebaseerde beslissing;</li><li>Recht om te bepalen wat er na het overlijden met de gegevens gebeurt;</li><li>Recht om een klacht in te dienen bij de bevoegde toezichthoudende autoriteit (artikel 77 van de AVG).</li></ul><p> </p><p>Om uw rechten uit te oefenen, kunt u een brief sturen naar France Copeaux of per e-mail naar <span style="text-align: var(--text-align);">contact@francecopeaux.fr</span></p><p>Om de verantwoordelijke voor de gegevensverwerking in staat te stellen aan uw verzoek te voldoen, kan de gebruiker worden gevraagd bepaalde informatie te verstrekken, zoals: zijn/haar naam en voornaam, e-mailadres, evenals zijn/haar rekeningnummer, persoonlijk account of abonneenummer.</p>
<p>Raadpleeg de site cnil.fr voor meer informatie over uw rechten.</p><p> </p><h2> </h2><h2>ARTIKEL 6: VOORWAARDEN VOOR WIJZIGING VAN HET PRIVACYBELEID</h2><p> </p><p> </p><p>De uitgever van de site France-copeaux.com behoudt zich het recht voor om dit Beleid op elk moment te wijzigen om zo zijn conformiteit met het geldende recht voor de gebruikers van de site te waarborgen.</p><p>Mogelijke wijzigingen hebben geen invloed op aankopen die eerder op de site zijn gedaan, welke onderworpen blijven aan het op dat moment geldende Beleid zoals aanvaard door de gebruiker op het moment van de aankoop.</p>
<p>De gebruiker wordt uitgenodigd om dit Beleid elke keer dat hij/zij van onze diensten gebruikmaakt te raadplegen, zonder dat hiervoor een formele kennisgeving vereist is.</p><p>Dit beleid, opgesteld op 06/11/2024, is voor het laatst bijgewerkt op <span style="text-align: var(--text-align);">06/11/2024</span><span style="text-align: var(--text-align);">.</span></p>								</div>
				</div>
					</div>
				</div>
				</div>

<p>Politique de confidentialité ARTICLE 1 : PRÉAMBULE La présente politique de confidentialité a pour but d’informer les utilisateurs du site : Sur la manière dont sont collectées leurs données personnelles. Sont considérées comme des données personnelles, toute information permettant d’identifier un utilisateur. A ce titre, il peut s’agir : de ses noms et prénoms, de [&hellip;]</p>
